{"id":229,"date":"2015-07-27T03:29:01","date_gmt":"2015-07-27T03:29:01","guid":{"rendered":"http:\/\/demo.vegatheme.com\/archilight\/?page_id=229"},"modified":"2026-02-22T12:10:03","modified_gmt":"2026-02-22T12:10:03","slug":"coaching","status":"publish","type":"page","link":"https:\/\/training.binario.ro\/index.php\/coaching\/","title":{"rendered":"Coaching 1:1"},"content":{"rendered":"<div class=\"wpb-content-wrapper\"><p>[vc_row][vc_column][vc_empty_space][\/vc_column][\/vc_row][vc_row fullwidth=&#8221;yes&#8221; css=&#8221;.vc_custom_1474447018555{background-position: 0 0 !important;background-repeat: no-repeat !important;}&#8221; el_class=&#8221;side-bg no-padding&#8221;][vc_column]\t<!-- Element: OT Quick Office -->\n\t<div class=\"side-bg\">\n\n\t\t<div class=\"image-container hidden-xs pull-left col-md-5\" style=\"background-image:url(https:\/\/training.binario.ro\/wp-content\/uploads\/2026\/02\/coach-scaled.jpg); ?>\" data-delay=\"0\"><\/div>\n\n\t\t<!-- Added this code in 26\/03\/2019 -->\n\t\t<img decoding=\"async\" class=\"visible-xs img-responsive\" src=\"https:\/\/training.binario.ro\/wp-content\/uploads\/2026\/02\/coach-scaled.jpg\" \/>\n\n        <div class=\"container\">\n            <div class=\"row\">\n                <div class=\"inner-padding\">\n                    <div class=\"col-md-6 col-md-offset-6 wow fadeInRight\" data-wow-delay=\".2s\">\n                        <h2><\/h2><br\/>\n                        <\/p>\n<h2 data-start=\"63\" data-end=\"125\">Spa\u021biul t\u0103u pentru claritate \u0219i transformare<\/h2>\n<p data-start=\"127\" data-end=\"386\">\u00cen ritmul alert al vie\u021bii, este u\u0219or s\u0103 te sim\u021bi blocat(\u0103), confuz(\u0103) sau deconectat(\u0103) de la tine. Coachingul 1:1 este o invita\u021bie la pauz\u0103, reflec\u021bie \u0219i ac\u021biune con\u0219tient\u0103. Este un proces personalizat, creat special pentru tine, nevoile \u0219i obiectivele tale.<\/p>\n<h3 data-start=\"388\" data-end=\"415\">Ce este coachingul 1:1?<\/h3>\n<p data-start=\"417\" data-end=\"626\">Coachingul individual este un parteneriat \u00eentre tine \u0219i coach, orientat spre descoperirea r\u0103spunsurilor care exist\u0103 deja \u00een tine. Nu este terapie \u0219i nici consultan\u021b\u0103 \u2013 ci un proces de ghidare care te ajut\u0103 s\u0103:<\/p>\n<p data-start=\"628\" data-end=\"761\">\u2714 \u00ee\u021bi clarifici direc\u021bia<br data-start=\"652\" data-end=\"655\" \/>\u2714 \u00ee\u021bi \u00een\u021belegi blocajele<br data-start=\"679\" data-end=\"682\" \/>\u2714 iei decizii aliniate cu valorile tale<br data-start=\"721\" data-end=\"724\" \/>\u2714 faci pa\u0219i concre\u021bi spre schimbare<\/p>\n<hr data-start=\"763\" data-end=\"766\" \/>\n<h2 data-start=\"768\" data-end=\"799\">Cum se desf\u0103\u0219oar\u0103 sesiunile?<\/h2>\n<p data-start=\"801\" data-end=\"936\">\ud83d\udd39 <strong data-start=\"804\" data-end=\"815\">Durat\u0103:<\/strong> 60 de minute<br data-start=\"828\" data-end=\"831\" \/>\ud83d\udd39 <strong data-start=\"834\" data-end=\"845\">Format:<\/strong> Online sau fa\u021b\u0103 \u00een fa\u021b\u0103<br data-start=\"869\" data-end=\"872\" \/>\ud83d\udd39 <strong data-start=\"875\" data-end=\"884\">Ritm:<\/strong> stabilit \u00eempreun\u0103, \u00een func\u021bie de obiectivele tale<\/p>\n<p data-start=\"938\" data-end=\"1024\">Fiecare sesiune este un spa\u021biu sigur, confiden\u021bial \u0219i f\u0103r\u0103 judecat\u0103, \u00een care explor\u0103m:<\/p>\n<p data-start=\"1026\" data-end=\"1143\">\u2728 situa\u021biile care te preocup\u0103<br data-start=\"1055\" data-end=\"1058\" \/>\u2728 g\u00e2ndurile \u0219i emo\u021biile tale<br data-start=\"1086\" data-end=\"1089\" \/>\u2728 perspective noi<br data-start=\"1106\" data-end=\"1109\" \/>\u2728 solu\u021bii realiste \u0219i aplicabile<\/p>\n<p>                    <\/div>\n                    <div class=\"clearfix\"><\/div>\n                <\/div>\n            <\/div>\n        <\/div>\n\t<\/div>\n\n[\/vc_column][\/vc_row][vc_row][vc_column][vc_empty_space][\/vc_column][\/vc_row][vc_row css=&#8221;.vc_custom_1495705952142{padding-top: 90px !important;padding-bottom: 90px !important;background-image: url(https:\/\/training.binario.ro\/wp-content\/uploads\/2015\/10\/bg-3.jpg?id=815) !important;background-position: center !important;background-repeat: no-repeat !important;background-size: cover !important;}&#8221; el_class=&#8221;text-light bg-fixed&#8221;][vc_column animate=&#8221;fadeinup&#8221;]\n\t<!-- Element: OT Heading --> \t \n\t<h1 class=\"ot_custom_heading  \" style=\"text-align: center;color: #ffffff;\" >Pove\u0219ti de coach<\/h1>\t\n\t<!-- Element: OT Line solid --> \t \n\t<div class=\" separator \"><span><i class=\"fa fa-circle\"><\/i><\/span><\/div>\n\t<div class=\"spacer-single\"><\/div>\t      \n[\/vc_column][vc_column]\t<!-- Element: OT Testimonial Silder -->\t\n\t<div class=\"testimonial__carousel de_carousel wow fadeInUp\" data-wow-delay=\".3s\" data-visible=\"2\" data-autoplay=\"false\" data-autoheight=\"false\" data-speed=\"200\" data-navspeed=\"800\" data-rewinspeed=\"1000\">\n\t        <div class=\"col-md-12 item\">\n            <div class=\"de_testi\">\n                <blockquote>\n                    <p>Sesiunea de coaching a fost o experien\u021b\u0103 profund\u0103 \u0219i extrem de clarificatoare. Am reu\u0219it s\u0103 \u00eemi \u00een\u021beleg mai bine g\u00e2ndurile, emo\u021biile \u0219i blocajele care m\u0103 \u021bineau pe loc. Am plecat cu o perspectiv\u0103 nou\u0103, mai mult\u0103 \u00eencredere \u0219i pa\u0219i concre\u021bi pe care s\u0103 \u00eei aplic imediat. Un spa\u021biu sigur, empatic \u0219i profesionist, pe care \u00eel recomand cu toat\u0103 deschiderea.<\/p>\n                    <div class=\"de_testi_by no-margin\">\n\n                    \t\n\t\t\t\t\t\t<div >\n                        \tMaria, Designer                        <\/div>\n\n                    <\/div>\n                <\/blockquote>\n            <\/div>\n        <\/div>\n                <div class=\"col-md-12 item\">\n            <div class=\"de_testi\">\n                <blockquote>\n                    <p>Coachingul a fost exact spa\u021biul de care aveam nevoie \u00eentr-un moment de confuzie. Prin \u00eentreb\u0103ri potrivite \u0219i ghidare bl\u00e2nd\u0103, am reu\u0219it s\u0103 \u00eemi clarific direc\u021bia \u0219i s\u0103 \u00eemi \u00een\u021beleg mai bine nevoile reale. Atmosfera a fost cald\u0103, autentic\u0103 \u0219i lipsit\u0103 de judecat\u0103. Am plecat cu mai mult\u0103 claritate, echilibru \u0219i curaj. O experien\u021b\u0103 pe care o voi continua.<\/p>\n                    <div class=\"de_testi_by no-margin\">\n\n                    \t\n\t\t\t\t\t\t<div >\n                        \tGeorge, Inginer                        <\/div>\n\n                    <\/div>\n                <\/blockquote>\n            <\/div>\n        <\/div>\n            <\/div>\n\n[\/vc_column][\/vc_row][vc_row fullwidth=&#8221;yes&#8221; css=&#8221;.vc_custom_1442204580531{padding-top: 60px !important;padding-bottom: 60px !important;}&#8221; el_class=&#8221;call-to-action bg-color text-center&#8221;][vc_column]\t\t\t\n\t<!-- Element: OT Button --> \n\t\t\t<a href=\"http:\/\/demo.archiwp.com\/light-version\/contact\/\" target=\"_self\" class=\"btn btn-line-black btn-big  \">Contacteaz\u0103-m\u0103<\/a>\n\t    \n[\/vc_column][\/vc_row]<\/p>\n<\/div>","protected":false},"excerpt":{"rendered":"<p>[vc_row][vc_column][vc_empty_space][\/vc_column][\/vc_row][vc_row fullwidth=&#8221;yes&#8221; css=&#8221;.vc_custom_1474447018555{background-position: 0 0 !important;background-repeat: no-repeat !important;}&#8221; el_class=&#8221;side-bg no-padding&#8221;][vc_column][\/vc_column][\/vc_row][vc_row][vc_column][vc_empty_space][\/vc_column][\/vc_row][vc_row css=&#8221;.vc_custom_1495705952142{padding-top: 90px !important;padding-bottom: 90px !important;background-image: url(https:\/\/training.binario.ro\/wp-content\/uploads\/2015\/10\/bg-3.jpg?id=815) !important;background-position: center !important;background-repeat: no-repeat !important;background-size: cover !important;}&#8221; el_class=&#8221;text-light bg-fixed&#8221;][vc_column animate=&#8221;fadeinup&#8221;][\/vc_column][vc_column][\/vc_column][\/vc_row][vc_row fullwidth=&#8221;yes&#8221; css=&#8221;.vc_custom_1442204580531{padding-top: 60px !important;padding-bottom: 60px !important;}&#8221; el_class=&#8221;call-to-action bg-color text-center&#8221;][vc_column][\/vc_column][\/vc_row]<\/p>\n","protected":false},"author":1,"featured_media":0,"parent":0,"menu_order":0,"comment_status":"open","ping_status":"open","template":"page-templates\/template-fullwidth.php","meta":{"footnotes":""},"class_list":["post-229","page","type-page","status-publish","hentry"],"_links":{"self":[{"href":"https:\/\/training.binario.ro\/index.php\/wp-json\/wp\/v2\/pages\/229","targetHints":{"allow":["GET"]}}],"collection":[{"href":"https:\/\/training.binario.ro\/index.php\/wp-json\/wp\/v2\/pages"}],"about":[{"href":"https:\/\/training.binario.ro\/index.php\/wp-json\/wp\/v2\/types\/page"}],"author":[{"embeddable":true,"href":"https:\/\/training.binario.ro\/index.php\/wp-json\/wp\/v2\/users\/1"}],"replies":[{"embeddable":true,"href":"https:\/\/training.binario.ro\/index.php\/wp-json\/wp\/v2\/comments?post=229"}],"version-history":[{"count":11,"href":"https:\/\/training.binario.ro\/index.php\/wp-json\/wp\/v2\/pages\/229\/revisions"}],"predecessor-version":[{"id":1470,"href":"https:\/\/training.binario.ro\/index.php\/wp-json\/wp\/v2\/pages\/229\/revisions\/1470"}],"wp:attachment":[{"href":"https:\/\/training.binario.ro\/index.php\/wp-json\/wp\/v2\/media?parent=229"}],"curies":[{"name":"wp","href":"https:\/\/api.w.org\/{rel}","templated":true}]}}